{"id":48,"date":"2018-08-17T18:52:36","date_gmt":"2018-08-17T16:52:36","guid":{"rendered":"https:\/\/www.leti.com\/vivetupiel\/?page_id=48"},"modified":"2025-10-08T11:24:29","modified_gmt":"2025-10-08T09:24:29","slug":"politica-de-privacidad-y-aviso-legal","status":"publish","type":"page","link":"https:\/\/www.leti.com\/dermipedia\/politica-de-privacidad-y-aviso-legal\/","title":{"rendered":"Aviso legal"},"content":{"rendered":"\n<h2 class=\"wp-block-heading\">Propiedad de la p\u00e1gina Web y \u00e1mbito de las Condiciones Generales<\/h2>\n\n\n\n<p>Las presentes condiciones generales regulan el acceso y uso de la p\u00e1gina web www.leti.com (en adelante \u00abWeb\u00bb).<\/p>\n\n\n\n<p>El titular de la Web es LETI Pharma, S.L.U. con domicilio social en C\/ del Sol 5, 28760 Tres Cantos (Madrid) y domicilio para notificaciones en Gran V\u00eda de les Corts Catalanes, n\u00ba 184, 08038 Barcelona. Inscrita en el Registro Mercantil de Madrid, hoja n\u00ba M-73.690, folio n\u00ba 186, tomo n\u00ba 4447 y provista con CIF: B-78.152.725 (en adelante \u00abLETI\u00bb). Con n\u00famero de Autorizaci\u00f3n de fabricantes e importadores de Medicamentos 3281E, otorgado por la Agencia Espa\u00f1ola de Medicamentos y Productos Sanitarios. Para contactar con LETI puede dirigirse al tel\u00e9fono 93.394.53.50, fax 93.332.97.81 o correo electr\u00f3nico:&nbsp;<a>info@leti.com<\/a>.<\/p>\n\n\n\n<p>LETI est\u00e1 asociada a la Asociaci\u00f3n Nacional Empresarial Espa\u00f1ola de la Industria Farmac\u00e9utica establecida en Espa\u00f1a (FARMAINDUSTRIA) y a la Federaci\u00f3n Espa\u00f1ola de Empresas de Tecnolog\u00eda Sanitaria (FENIN). Ambas entidades cuentan con sendos c\u00f3digos de conducta a los que LETI est\u00e1 adherida y que pueden consultarse en las siguientes p\u00e1ginas web:&nbsp;<a href=\"http:\/\/www.farmaindustria.es\/\" target=\"_blank\" rel=\"noreferrer noopener\">www.farmaindustria.es<\/a>&nbsp;y&nbsp;<a href=\"http:\/\/www.fenin.es\/\" target=\"_blank\" rel=\"noreferrer noopener\">www.fenin.es<\/a>.<\/p>\n\n\n\n<p>El acceso a la Web por parte de cualquier usuario de internet comporta la plena aceptaci\u00f3n de las presentes condiciones que est\u00e1n permanentemente expuestas en la Web, en la versi\u00f3n publicada y vigente en cada momento.<\/p>\n\n\n\n<p>La utilizaci\u00f3n de determinados servicios ofrecidos en esta Web o en otras propiedad de LETI, a las que se aceda a trav\u00e9s de la Web, se regir\u00e1n adem\u00e1s por las condiciones particulares previstas en cada caso.<\/p>\n\n\n\n<h2 class=\"wp-block-heading\">Responsabilidad por los contenidos<\/h2>\n\n\n\n<p>Los contenidos incluidos en la Web que se hallan disponibles para el p\u00fablico en general, s\u00f3lo pretenden dar informaci\u00f3n general sobre LETI, sus actividades y productos y se han incluido a mero t\u00edtulo informativo, por lo que resultan insuficientes para tomar decisiones o posicionarse en casos concreto y en el caso de la informaci\u00f3n relativa a sus productos, en ning\u00fan caso su consulta puede ni debe reemplazar la consulta a un profesional sanitario especializado.<\/p>\n\n\n\n<p>Los contenidos son facilitados de buena fe por LETI con informaci\u00f3n que en ocasiones puede proceder parcialmente de fuentes externas a la propia empresa. En raz\u00f3n de esta circunstancia y de la gran cantidad de informaci\u00f3n accesible, algunos de los datos o textos disponibles podr\u00edan no ser completamente exactos o actualizados, a pesar de que LETI emplea sus mejores esfuerzos para que as\u00ed sea.<\/p>\n\n\n\n<p>LETI reh\u00fasa otorgar cualquier tipo de garant\u00eda respecto a la idoneidad de los contenidos incluidos en la Web para fines particulares de quien acceda a ellas. En consecuencia, tanto el acceso a la Web como el uso que pueda hacerse de la informaci\u00f3n y contenidos incluidos en la misma, se efect\u00faa bajo la exclusiva responsabilidad de quien lo realice y LETI no responder\u00e1 en ning\u00fan caso y en ninguna medida, ni por da\u00f1os directos ni indirectos, ni por da\u00f1o emergente ni por lucro cesante, por los eventuales perjuicios derivados del uso de la Web o de la informaci\u00f3n y contenidos accesibles en dicha p\u00e1gina.<\/p>\n\n\n\n<p>LETI tampoco ser\u00e1 en ning\u00fan caso responsable ni siquiera de forma indirecta o subsidiaria, por productos o servicios prestados u ofertados por otras personas o entidades, o por contenidos, informaciones, comunicaciones, opiniones o manifestaciones de cualquier tipo originados o vertidos por terceros que resulten accesibles a trav\u00e9s de la Web. LETI tampoco se responsabiliza del cumplimiento por estos terceros de cualquier tipo de normativa legal, en especial, de la relativa a protecci\u00f3n de datos de car\u00e1cter personal y a la sociedad de la informaci\u00f3n y no se hace responsable en ning\u00fan caso ni de los contenidos ni del estado de dichas p\u00e1ginas web.<\/p>\n\n\n\n<p>LETI se reserva el derecho de suspender temporalmente y sin necesidad de previo aviso, la accesibilidad a la Web en raz\u00f3n de la eventual necesidad de efectuar operaciones de mantenimiento, reparaci\u00f3n, actualizaci\u00f3n o mejora de la misma. Asimismo, LETI se reserva en todo caso el derecho unilateral a modificar las condiciones de acceso a la Web, as\u00ed como los contenidos en ella incluidos, que podr\u00e1n ser eliminados, desarrollados o actualizados, sin notificaci\u00f3n previa.<\/p>\n\n\n\n<p>LETI no ser\u00e1 responsable de los posibles da\u00f1os o perjuicios que se pudieran derivar de interferencias, interrupciones, virus inform\u00e1ticos, aver\u00edas telef\u00f3nicas o desconexiones en el funcionamiento operativo del sistema que soporta la Web, de retrasos o bloqueos en el uso de dicho sistema causados por deficiencias o sobrecargas de l\u00edneas telef\u00f3nicas o sobrecargas en el sistema de Internet o en otros sistemas electr\u00f3nicos, as\u00ed como de da\u00f1os que puedan ser causados por terceras personas mediante intromisiones ileg\u00edtimas.<\/p>\n\n\n\n<p>La Web es gestionada por LETI en Espa\u00f1a y cualquier cuesti\u00f3n referente a la Web se rige por la ley espa\u00f1ola. LETI no garantiza que el contenido de la Web sea correcto seg\u00fan las legislaciones aplicables en otros pa\u00edses, ni que los productos o servicios que ofrece est\u00e9n disponibles en otros territorios, ni con la misma presentaci\u00f3n, tama\u00f1os, envases, ni condiciones.<\/p>\n\n\n\n<p>El usuario que acceda a esta Web o descargue su contenido fuera de Espa\u00f1a, debe responsabilizarse de que act\u00faa con arreglo a la legislaci\u00f3n local que le sea de aplicaci\u00f3n.<\/p>\n\n\n\n<h2 class=\"wp-block-heading\">Propiedad Intelectual e Industrial relativa al contenido de la Web<\/h2>\n\n\n\n<p>Todos los contenidos que aparecen en esta Web, materializado en textos, im\u00e1genes, gr\u00e1ficos, esquemas, diagramas, dise\u00f1o gr\u00e1fico, marcas, \u00edndices y c\u00f3digos fuente en cualquiera de los tipos de lenguaje de programaci\u00f3n utilizados, etc. son obras cuya propiedad intelectual o industrial pertenece a sus titulares y est\u00e1 protegida por los derechos de propiedad intelectual o industrial, en su caso.<\/p>\n\n\n\n<p>Todos los derechos de propiedad industrial e industrial sobre la Web y sus contenidos est\u00e1n reservados. Queda prohibida la reproducci\u00f3n, copia, imitaci\u00f3n, modificaci\u00f3n, distribuci\u00f3n, transformaci\u00f3n, puesta a disposici\u00f3n del p\u00fablico de los contenidos de la Web y cualquier otro acto que contravenga los derechos de propiedad intelectual e industrial. El acceso a los contenidos de la Web por parte de los usuarios, no debe considerarse, en forma alguna, como el otorgamiento de ninguna licencia de uso o derecho sobre los mismos. Cualquier uso de los contenidos de la Web solamente podr\u00e1 ser llevado a cabo por aquellas personas expresamente autorizadas para ello por el titular de los derechos.<\/p>\n\n\n\n<p>Toda vulneraci\u00f3n de los derechos de propiedad intelectual e industrial contenidos en este Sitio Web, as\u00ed como la infracci\u00f3n de la normativa que los protege, conllevar\u00e1 las responsabilidades civiles y\/o penales que en cada caso correspondan.<\/p>\n\n\n\n<p>LETI no ser\u00e1 responsable en ning\u00fan caso y bajo ning\u00fan concepto de las infracciones de tales derechos que puedan ser cometidas por los usuarios de la Web. \u00c9stos se comprometen a respetar tales derechos y en caso de infringirlos, a resarcir \u00edntegramente a LETI de todos los da\u00f1os y perjuicios que tal infracci\u00f3n pudiera irrogarle, as\u00ed como a abstenerse de suprimir, alterar, eludir o manipular cualquiera dispositivos de protecci\u00f3n o sistemas de seguridad que puedan estar instalados en la Web.<\/p>\n\n\n\n<h2 class=\"wp-block-heading\">Protecci\u00f3n de datos<\/h2>\n\n\n\n<p>LETI cumple con las directrices del Reglamento General de Protecci\u00f3n de Dados, y dem\u00e1s normativa vigente, y vela por garantizar el correcto uso y tratamiento de los datos personales del usuario. Para ello, junto a cada formulario de recabo de datos de car\u00e1cter personal, en los servicios que el usuario pueda solicitar LETI, har\u00e1 saber al usuario de la existencia y aceptaci\u00f3n de las condiciones particulares del tratamiento de sus datos en cada caso, inform\u00e1ndole de: (i) el responsable del tratamiento, (ii) la finalidad del mismo,&nbsp; (iii) la causa legitimadora, (iv) los posibles destinatarios de los datos, (v) el procedimiento para ejercer los derechos de acceso, rectificaci\u00f3n, oposici\u00f3n, supresi\u00f3n, limitaci\u00f3n al tratamiento y portabilidad, as\u00ed como, en los casos en los que los datos no se hayan obtenido del propio interesado, de (v) la procedencia y las categor\u00edas de datos tratados. Asimismo,&nbsp;LETI informa que da cumplimiento a la Ley 34\/2002 de 11 de julio, de Servicios de la Sociedad de la Informaci\u00f3n y el Comercio Electr\u00f3nico y le solicitar\u00e1 su consentimiento al tratamiento de su correo electr\u00f3nico con fines comerciales en cada momento.<\/p>\n","protected":false},"excerpt":{"rendered":"Propiedad de la p\u00e1gina Web y \u00e1mbito de las Condiciones Generales Las presentes condiciones generales regulan el acceso&hellip;\n","protected":false},"author":3,"featured_media":0,"parent":0,"menu_order":0,"comment_status":"closed","ping_status":"closed","template":"","meta":{"_acf_changed":false,"footnotes":""},"class_list":["post-48","page","type-page","status-publish"],"acf":[],"yoast_head":"<!-- This site is optimized with the Yoast SEO plugin v26.1.1 - https:\/\/yoast.com\/wordpress\/plugins\/seo\/ -->\n<title>Aviso legal - Dermipedia<\/title>\n<meta name=\"robots\" content=\"noindex, follow\" \/>\n<meta property=\"og:locale\" content=\"es_ES\" \/>\n<meta property=\"og:type\" content=\"article\" \/>\n<meta property=\"og:title\" content=\"Aviso legal - Dermipedia\" \/>\n<meta property=\"og:description\" content=\"Propiedad de la p\u00e1gina Web y \u00e1mbito de las Condiciones Generales Las presentes condiciones generales regulan el acceso&hellip;\" \/>\n<meta property=\"og:url\" content=\"https:\/\/www.leti.com\/dermipedia\/politica-de-privacidad-y-aviso-legal\/\" \/>\n<meta property=\"og:site_name\" content=\"Dermipedia\" \/>\n<meta property=\"article:modified_time\" content=\"2025-10-08T09:24:29+00:00\" \/>\n<meta name=\"twitter:card\" content=\"summary_large_image\" \/>\n<meta name=\"twitter:label1\" content=\"Tiempo de lectura\" \/>\n\t<meta name=\"twitter:data1\" content=\"7 minutos\" \/>\n<script type=\"application\/ld+json\" class=\"yoast-schema-graph\">{\"@context\":\"https:\/\/schema.org\",\"@graph\":[{\"@type\":\"WebPage\",\"@id\":\"https:\/\/www.leti.com\/dermipedia\/politica-de-privacidad-y-aviso-legal\/\",\"url\":\"https:\/\/www.leti.com\/dermipedia\/politica-de-privacidad-y-aviso-legal\/\",\"name\":\"Aviso legal - Dermipedia\",\"isPartOf\":{\"@id\":\"https:\/\/www.leti.com\/dermipedia\/#website\"},\"datePublished\":\"2018-08-17T16:52:36+00:00\",\"dateModified\":\"2025-10-08T09:24:29+00:00\",\"breadcrumb\":{\"@id\":\"https:\/\/www.leti.com\/dermipedia\/politica-de-privacidad-y-aviso-legal\/#breadcrumb\"},\"inLanguage\":\"es\",\"potentialAction\":[{\"@type\":\"ReadAction\",\"target\":[\"https:\/\/www.leti.com\/dermipedia\/politica-de-privacidad-y-aviso-legal\/\"]}]},{\"@type\":\"BreadcrumbList\",\"@id\":\"https:\/\/www.leti.com\/dermipedia\/politica-de-privacidad-y-aviso-legal\/#breadcrumb\",\"itemListElement\":[{\"@type\":\"ListItem\",\"position\":1,\"name\":\"Portada\",\"item\":\"https:\/\/www.leti.com\/dermipedia\/inicio\/\"},{\"@type\":\"ListItem\",\"position\":2,\"name\":\"Aviso legal\"}]},{\"@type\":\"WebSite\",\"@id\":\"https:\/\/www.leti.com\/dermipedia\/#website\",\"url\":\"https:\/\/www.leti.com\/dermipedia\/\",\"name\":\"Dermipedia\",\"description\":\"Todos los secretos de la piel\",\"potentialAction\":[{\"@type\":\"SearchAction\",\"target\":{\"@type\":\"EntryPoint\",\"urlTemplate\":\"https:\/\/www.leti.com\/dermipedia\/?s={search_term_string}\"},\"query-input\":{\"@type\":\"PropertyValueSpecification\",\"valueRequired\":true,\"valueName\":\"search_term_string\"}}],\"inLanguage\":\"es\"}]}<\/script>\n<!-- \/ Yoast SEO plugin. -->","yoast_head_json":{"title":"Aviso legal - Dermipedia","robots":{"index":"noindex","follow":"follow"},"og_locale":"es_ES","og_type":"article","og_title":"Aviso legal - Dermipedia","og_description":"Propiedad de la p\u00e1gina Web y \u00e1mbito de las Condiciones Generales Las presentes condiciones generales regulan el acceso&hellip;","og_url":"https:\/\/www.leti.com\/dermipedia\/politica-de-privacidad-y-aviso-legal\/","og_site_name":"Dermipedia","article_modified_time":"2025-10-08T09:24:29+00:00","twitter_card":"summary_large_image","twitter_misc":{"Tiempo de lectura":"7 minutos"},"schema":{"@context":"https:\/\/schema.org","@graph":[{"@type":"WebPage","@id":"https:\/\/www.leti.com\/dermipedia\/politica-de-privacidad-y-aviso-legal\/","url":"https:\/\/www.leti.com\/dermipedia\/politica-de-privacidad-y-aviso-legal\/","name":"Aviso legal - Dermipedia","isPartOf":{"@id":"https:\/\/www.leti.com\/dermipedia\/#website"},"datePublished":"2018-08-17T16:52:36+00:00","dateModified":"2025-10-08T09:24:29+00:00","breadcrumb":{"@id":"https:\/\/www.leti.com\/dermipedia\/politica-de-privacidad-y-aviso-legal\/#breadcrumb"},"inLanguage":"es","potentialAction":[{"@type":"ReadAction","target":["https:\/\/www.leti.com\/dermipedia\/politica-de-privacidad-y-aviso-legal\/"]}]},{"@type":"BreadcrumbList","@id":"https:\/\/www.leti.com\/dermipedia\/politica-de-privacidad-y-aviso-legal\/#breadcrumb","itemListElement":[{"@type":"ListItem","position":1,"name":"Portada","item":"https:\/\/www.leti.com\/dermipedia\/inicio\/"},{"@type":"ListItem","position":2,"name":"Aviso legal"}]},{"@type":"WebSite","@id":"https:\/\/www.leti.com\/dermipedia\/#website","url":"https:\/\/www.leti.com\/dermipedia\/","name":"Dermipedia","description":"Todos los secretos de la piel","potentialAction":[{"@type":"SearchAction","target":{"@type":"EntryPoint","urlTemplate":"https:\/\/www.leti.com\/dermipedia\/?s={search_term_string}"},"query-input":{"@type":"PropertyValueSpecification","valueRequired":true,"valueName":"search_term_string"}}],"inLanguage":"es"}]}},"_links":{"self":[{"href":"https:\/\/www.leti.com\/dermipedia\/wp-json\/wp\/v2\/pages\/48","targetHints":{"allow":["GET"]}}],"collection":[{"href":"https:\/\/www.leti.com\/dermipedia\/wp-json\/wp\/v2\/pages"}],"about":[{"href":"https:\/\/www.leti.com\/dermipedia\/wp-json\/wp\/v2\/types\/page"}],"author":[{"embeddable":true,"href":"https:\/\/www.leti.com\/dermipedia\/wp-json\/wp\/v2\/users\/3"}],"replies":[{"embeddable":true,"href":"https:\/\/www.leti.com\/dermipedia\/wp-json\/wp\/v2\/comments?post=48"}],"version-history":[{"count":4,"href":"https:\/\/www.leti.com\/dermipedia\/wp-json\/wp\/v2\/pages\/48\/revisions"}],"predecessor-version":[{"id":1854,"href":"https:\/\/www.leti.com\/dermipedia\/wp-json\/wp\/v2\/pages\/48\/revisions\/1854"}],"wp:attachment":[{"href":"https:\/\/www.leti.com\/dermipedia\/wp-json\/wp\/v2\/media?parent=48"}],"curies":[{"name":"wp","href":"https:\/\/api.w.org\/{rel}","templated":true}]}}